6?
2, 3
List the prime factors of 630.
2, 3, 5, 7
List the prime factors of 35136.
2, 3, 61
List the prime factors of 565.
5, 113
List the prime factors of 801.
3, 89
What are the prime factors of 25578?
2, 3, 7, 29
List the prime factors of 74858.
2, 7, 5347
What are the prime factors of 3464?
2, 433
List the prime factors of 103337.
13, 7949
What are the prime factors of 747?
3, 83
What are the prime factors of 59487?
3, 79, 251
List the prime factors of 794.
2, 397
What are the prime factors of 6172?
2, 1543
What are the prime factors of 2305?
5, 461
What are the prime factors of 7793?
7793
List the prime factors of 482.
2, 241
List the prime factors of 864.
2, 3
What are the prime factors of 2279?
43, 53
What are the prime factors of 3380?
2, 5, 13
What are the prime factors of 487?
487
What are the prime factors of 19624?
2, 11, 223
List the prime factors of 17469.
3, 647
What are the prime factors of 785?
5, 157
What are the prime factors of 8481?
3, 11, 257
List the prime factors of 2236.
2, 13, 43
What are the prime factors of 25747?
25747
List the prime factors of 2914.
2, 31, 47
List the prime factors of 643.
643
What are the prime factors of 3806?
2, 11, 173
What are the prime factors of 14716?
2, 13, 283
What are the prime factors of 1367?
1367
List the prime factors of 918.
2, 3, 17
What are the prime factors of 35318?
2, 17659
List the prime factors of 40632.
2, 3, 1693
List the prime factors of 5349.
3, 1783
List the prime factors of 58898.
2, 7, 601
What are the prime factors of 3197?
23, 139
List the prime factors of 14111.
103, 137
What are the prime factors of 1151?
1151
What are the prime factors of 155439?
3, 19, 101
What are the prime factors of 66?
2, 3, 11
List the prime factors of 106511.
43, 2477
What are the prime factors of 42741?
3, 1583
List the prime factors of 45384.
2, 3, 31, 61
List the prime factors of 22684.
2, 53, 107
List the prime factors of 8600.
2, 5, 43
List the prime factors of 1196.
2, 13, 23
List the prime factors of 113101.
17, 6653
List the prime factors of 15527.
15527
List the prime factors of 20155.
5, 29, 139
What are the prime factors of 135717?
3, 19, 2381
List the prime factors of 1553.
1553
List the prime factors of 60479.
197, 307
What are the prime factors of 3719?
3719
What are the prime factors of 24907?
24907
What are the prime factors of 48035?
5, 13, 739
What are the prime factors of 9907?
9907
List the prime factors of 23626.
2, 11813
List the prime factors of 2090.
2, 5, 11, 19
List the prime factors of 13448.
2, 41
List the prime factors of 7245.
3, 5, 7, 23
What are the prime factors of 84060?
2, 3, 5, 467
What are the prime factors of 2890?
2, 5, 17
List the prime factors of 2305.
5, 461
List the prime factors of 1247.
29, 43
List the prime factors of 258.
2, 3, 43
List the prime factors of 5748.
2, 3, 479
List the prime factors of 1884.
2, 3, 157
List the prime factors of 44903.
83, 541
What are the prime factors of 88817?
88817
List the prime factors of 8001.
3, 7, 127
List the prime factors of 15165.
3, 5, 337
What are the prime factors of 4337?
4337
List the prime factors of 1780.
2, 5, 89
What are the prime factors of 2692?
2, 673
What are the prime factors of 25008?
2, 3, 521
What are the prime factors of 16771?
31, 541
What are the prime factors of 3014?
2, 11, 137
What are the prime factors of 1275?
3, 5, 17
List the prime factors of 1113.
3, 7, 53
List the prime factors of 2267.
2267
What are the prime factors of 287?
7, 41
What are the prime factors of 10098?
2, 3, 11, 17
List the prime factors of 688.
2, 43
What are the prime factors of 1464?
2, 3, 61
List the prime factors of 1490.
2, 5, 149
List the prime factors of 16207.
19, 853
What are the prime factors of 83476?
2, 41, 509
What are the prime factors of 23735?
5, 47, 101
What are the prime factors of 1001?
7, 11, 13
What are the prime factors of 110157?
3, 73, 503
List the prime factors of 7588.
2, 7, 271
What are the prime factors of 3125?
5
List the prime factors of 765.
3, 5, 17
List the prime factors of 8491.
7, 1213
What are the prime factors of 35079?
3, 11, 1063
What are the prime factors of 1045?
5, 11, 19
What are the prime factors of 1024?
2
What are the prime factors of 3949?
11, 359
What are the prime factors of 7339?
41, 179
What are the prime factors of 731?
17, 43
List the prime factors of 30384.
2, 3, 211
List the prime factors of 45037.
29, 1553
What are the prime factors of 7937?
7937
List the prime factors of 907.
907
What are the prime factors of 1189?
29, 41
What are the prime factors of 119036?
2, 29759
What are the prime factors of 110053?
167, 659
What are the prime factors of 10262?
2, 7, 733
What are the prime factors of 201?
3, 67
What are the prime factors of 1032?
2, 3, 43
List the prime factors of 18765.
3, 5, 139
What are the prime factors of 3655?
5, 17, 43
What are the prime factors of 77?
7, 11
What are the prime factors of 3304?
2, 7, 59
List the prime factors of 20897.
20897
What are the prime factors of 492?
2, 3, 41
List the prime factors of 73772.
2, 18443
List the prime factors of 857.
857
What are the prime factors of 13882?
2, 11, 631
List the prime factors of 53819.
53819
List the prime factors of 3491.
3491
What are the prime factors of 725?
5, 29
What are the prime factors of 11398?
2, 41, 139
What are the prime factors of 80982?
2, 3, 11, 409
What are the prime factors of 14609?
7, 2087
List the prime factors of 354.
2, 3, 59
What are the prime factors of 100709?
7, 14387
List the prime factors of 21351.
3, 11, 647
What are the prime factors of 525?
3, 5, 7
List the prime factors of 7868.
2, 7, 281
What are the prime factors of 77940?
2, 3, 5, 433
List the prime factors of 171422.
2, 85711
List the prime factors of 220.
2, 5, 11
What are the prime factors of 1257?
3, 419
What are the prime factors of 76183?
29, 37, 71
List the prime factors of 7794.
2, 3, 433
What are the prime factors of 1476?
2, 3, 41
What are the prime factors of 118590?
2, 3, 5, 59, 67
What are the prime factors of 47216?
2, 13, 227
What are the prime factors of 1316?
2, 7, 47
List the prime factors of 7150.
2, 5, 11, 13
List the prime factors of 351.
3, 13
List the prime factors of 10104.
2, 3, 421
List the prime factors of 82232.
2, 19, 541
What are the prime factors of 2131?
2131
List the prime factors of 133461.
3, 4943
What are the prime factors of 1496?
2, 11, 17
What are the prime factors of 2201?
31, 71
List the prime factors of 10628.
2, 2657
What are the prime factors of 1359?
3, 151
List the prime factors of 480.
2, 3, 5
List the prime factors of 16545.
3, 5, 1103
List the prime factors of 47042.
2, 43, 547
What are the prime factors of 106?
2, 53
What are the prime factors of 2712?
2, 3, 113
What are the prime factors of 20381?
89, 229
List the prime factors of 1322.
2, 661
List the prime factors of 20646.
2, 3, 31, 37
What are the prime factors of 195?
3, 5, 13
What are the prime factors of 7267?
13, 43
What are the prime factors of 2102?
2, 1051
What are the prime factors of 345?
3, 5, 23
List the prime factors of 2035.
5, 11, 37
What are the prime factors of 63734?
2, 11, 2897
List the prime factors of 2204.
2, 19, 29
List the prime factors of 65996.
2, 7, 2357
List the prime factors of 37929.
3, 47, 269
List the prime factors of 14592.
2, 3, 19
List the prime factors of 5564.
2, 13, 107
What are the prime factors of 16307?
23, 709
List the prime factors of 2960.
2, 5, 37
List the prime factors of 1565.
5, 313
List the prime factors of 2148.
2, 3, 179
List the prime factors of 5662.
2, 19, 149
List the prime factors of 40144.
2, 13, 193
List the prime factors of 5115.
3, 5, 11, 31
What are the prime factors of 175?
5, 7
List the prime factors of 21800.
2, 5, 109
List the prime factors of 2653.
7, 379
List the prime factors of 12644.
2, 29, 109
List the prime factors of 21168.
2, 3, 7
What are the prime factors of 196?
2, 7
What are the prime factors of 17455?
5, 3491
What are the prime factors of 5865?
3, 5, 17, 23
List the prime factors of 1383.
3, 461
What are the prime factors of 1653?
3, 19, 29
List the prime factors of 10595.
5, 13, 163
What are the prime factors of 1631?
7, 233
List the prime factors of 554.
2, 277
What are the prime factors of 619?
619
List the prime f